{"id":54,"date":"2018-02-27T15:29:29","date_gmt":"2018-02-27T14:29:29","guid":{"rendered":"http:\/\/falbinger-hof.it\/?page_id=54"},"modified":"2019-08-20T15:54:54","modified_gmt":"2019-08-20T13:54:54","slug":"villanders","status":"publish","type":"page","link":"http:\/\/falbinger-hof.it\/it\/villanders\/","title":{"rendered":"Villandro"},"content":{"rendered":"<p><\/p>\n<h2><span style=\"color: #993300;\">Vivere le montagne \u2013 un piacere della vita puro<\/span><\/h2>\n<p>La localit\u00e0 di Villandro \u00e8 situata ad un\u2019altitudine di circa 880 m. slm., al di sopra della pittoresca cittadina di Chiusa in Val d\u2019Isarco. L\u2019interessante cittadina \u00e8 composta da un vivace centro urbano e numerosi masi sparsi. Al di sopra della localit\u00e0 vi \u00e8 la pregiata zona per escursioni dell\u2019Alpe di Villandro con accoglienti baite e punti di ristoro.<\/p>\n<p>In <strong>inverno<\/strong>, Villandro \u00e8 un tranquillo villaggio per vacanze per intenditori, posizionato in una zona assai soleggiata, lontano dal baccano, qui vi troverete un idillio in forma invernale e una profonda quiete.<\/p>\n<p>L\u2019Alpe di Villandro \u00e8 un vero paradiso invernale, senza impianti di risalita e la frenesia delle discese a valle. Vi attendono 30 km di piste tracciate per escursioni e piste da sci di fondo. Vi \u00e8 inoltre una pista da slittino naturale che costituir\u00e0 una emozionante alternativa per la Vostra vacanza!<\/p>\n<p>Avete invece voglia di cimentarvi con le emozionanti discese di uno dei famosi comprensori sciistici dell\u2019Alto Adige? I comprensori degli sport invernali della Val Gardena \u2013 Alpe di Siusi. Plose o Gitschberg-Jochtal, distano appena pochi chilometri.<\/p>\n<p>Nella stagione pi\u00f9 <strong>calda<\/strong>, la Val d\u2019Isarco offre uno dei comprensori pi\u00f9 belli per effettuare escursioni, anche impegnative, ma anche per le pi\u00f9 brevi e rilassanti passeggiate. Partendo dalla posizione centrale di Villandro, avrete la possibilit\u00e0 di esplorare la natura sui numerosi percorsi escursionistici situati negli immediati dintorni.<\/p>\n<p>Vi consigliamo i seguenti itinerari:<\/p>\n<ul>\n<li>Escursione a Sant\u2019Anna, le miniere di Fundres, il tornante \u201cZilderer\u201d<\/li>\n<li>Escursione a Bad Dreikirchen, Briol, alle cascate di Barbiano, a Barbiano<\/li>\n<li>Escursione a Sabiona e Velturno<\/li>\n<li>Giro con partenza dalla baita Gasser in direzione della cappella mortuaria, su fino alla Cima di Villandro (2.509 m), proseguendo per la Sella di Gasteig, per fare ritorno infine alla baita Gasser<\/li>\n<li>Escursione con partenza dalla baita Gasser verso il Corno di Renon (2.260 m)<\/li>\n<li>Escursione con partenza dalla baita Gasser verso la Croce di Latzfons (2.300 m) e la Cima di San Cassiano (2.581 m)<\/li>\n<li>Giro verso San Maurizio, Sauders, villaggio di Villandro<\/li>\n<li>Archeoparc \u2013 Parco Archeologico di Villandro, siti di ritrovamenti archeologici attorno a Villandro<\/li>\n<\/ul>\n<p><\/p>","protected":false},"excerpt":{"rendered":"<p>Vivere le montagne \u2013 un piacere della vita puro La localit\u00e0 di Villandro \u00e8 situata ad un\u2019altitudine di circa 880 m. slm., al di sopra della pittoresca cittadina di Chiusa in Val d\u2019Isarco. L\u2019interessante cittadina \u00e8 composta da un vivace centro urbano e numerosi masi sparsi. Al di sopra della localit\u00e0 vi \u00e8 la pregiataContinue reading &rarr;<\/p>\n","protected":false},"author":7,"featured_media":598,"parent":0,"menu_order":0,"comment_status":"closed","ping_status":"closed","template":"","meta":[],"_links":{"self":[{"href":"http:\/\/falbinger-hof.it\/it\/wp-json\/wp\/v2\/pages\/54"}],"collection":[{"href":"http:\/\/falbinger-hof.it\/it\/wp-json\/wp\/v2\/pages"}],"about":[{"href":"http:\/\/falbinger-hof.it\/it\/wp-json\/wp\/v2\/types\/page"}],"author":[{"embeddable":true,"href":"http:\/\/falbinger-hof.it\/it\/wp-json\/wp\/v2\/users\/7"}],"replies":[{"embeddable":true,"href":"http:\/\/falbinger-hof.it\/it\/wp-json\/wp\/v2\/comments?post=54"}],"version-history":[{"count":11,"href":"http:\/\/falbinger-hof.it\/it\/wp-json\/wp\/v2\/pages\/54\/revisions"}],"predecessor-version":[{"id":618,"href":"http:\/\/falbinger-hof.it\/it\/wp-json\/wp\/v2\/pages\/54\/revisions\/618"}],"wp:featuredmedia":[{"embeddable":true,"href":"http:\/\/falbinger-hof.it\/it\/wp-json\/wp\/v2\/media\/598"}],"wp:attachment":[{"href":"http:\/\/falbinger-hof.it\/it\/wp-json\/wp\/v2\/media?parent=54"}],"curies":[{"name":"wp","href":"https:\/\/api.w.org\/{rel}","templated":true}]}}

<p></p>
<h2><span style="color: #993300;">Vivere le montagne – un piacere della vita puro</span></h2>
<p>La località di Villandro è situata ad un’altitudine di circa 880 m. slm., al di sopra della pittoresca cittadina di Chiusa in Val d’Isarco. L’interessante cittadina è composta da un vivace centro urbano e numerosi masi sparsi. Al di sopra della località vi è la pregiata zona per escursioni dell’Alpe di Villandro con accoglienti baite e punti di ristoro.</p>
<p>In <strong>inverno</strong>, Villandro è un tranquillo villaggio per vacanze per intenditori, posizionato in una zona assai soleggiata, lontano dal baccano, qui vi troverete un idillio in forma invernale e una profonda quiete.</p>
<p>L’Alpe di Villandro è un vero paradiso invernale, senza impianti di risalita e la frenesia delle discese a valle. Vi attendono 30 km di piste tracciate per escursioni e piste da sci di fondo. Vi è inoltre una pista da slittino naturale che costituirà una emozionante alternativa per la Vostra vacanza!</p>
<p>Avete invece voglia di cimentarvi con le emozionanti discese di uno dei famosi comprensori sciistici dell’Alto Adige? I comprensori degli sport invernali della Val Gardena – Alpe di Siusi. Plose o Gitschberg-Jochtal, distano appena pochi chilometri.</p>
<p>Nella stagione più <strong>calda</strong>, la Val d’Isarco offre uno dei comprensori più belli per effettuare escursioni, anche impegnative, ma anche per le più brevi e rilassanti passeggiate. Partendo dalla posizione centrale di Villandro, avrete la possibilità di esplorare la natura sui numerosi percorsi escursionistici situati negli immediati dintorni.</p>
<p>Vi consigliamo i seguenti itinerari:</p>
<ul>
<li>Escursione a Sant’Anna, le miniere di Fundres, il tornante “Zilderer”</li>
<li>Escursione a Bad Dreikirchen, Briol, alle cascate di Barbiano, a Barbiano</li>
<li>Escursione a Sabiona e Velturno</li>
<li>Giro con partenza dalla baita Gasser in direzione della cappella mortuaria, su fino alla Cima di Villandro (2.509 m), proseguendo per la Sella di Gasteig, per fare ritorno infine alla baita Gasser</li>
<li>Escursione con partenza dalla baita Gasser verso il Corno di Renon (2.260 m)</li>
<li>Escursione con partenza dalla baita Gasser verso la Croce di Latzfons (2.300 m) e la Cima di San Cassiano (2.581 m)</li>
<li>Giro verso San Maurizio, Sauders, villaggio di Villandro</li>
<li>Archeoparc – Parco Archeologico di Villandro, siti di ritrovamenti archeologici attorno a Villandro</li>
</ul>
<p></p>

<p>Vivere le montagne – un piacere della vita puro La località di Villandro è situata ad un’altitudine di circa 880 m. slm., al di sopra della pittoresca cittadina di Chiusa in Val d’Isarco. L’interessante cittadina è composta da un vivace centro urbano e numerosi masi sparsi. Al di sopra della località vi è la pregiataContinue reading &rarr;</p>
